{"id":82000,"date":"2023-04-13T05:33:42","date_gmt":"2023-04-13T05:33:42","guid":{"rendered":"http:\/\/192.168.0.130:10023\/?page_id=82000"},"modified":"2023-11-09T14:52:38","modified_gmt":"2023-11-09T17:52:38","slug":"data-security","status":"publish","type":"page","link":"https:\/\/site.partnersti.com\/?page_id=82000","title":{"rendered":"Laborat\u00f3rio de Sementes"},"content":{"rendered":"\t\t<div data-elementor-type=\"wp-page\" data-elementor-id=\"82000\" class=\"elementor elementor-82000\">\n\t\t\t\t\t\t\t\t\t<section class=\"default no-position elementor-section elementor-top-section elementor-element elementor-element-a5a4103 elementor-section-stretched elementor-reverse-mobile elementor-section-boxed elementor-section-height-default elementor-section-height-default\" data-id=\"a5a4103\" data-element_type=\"section\" data-settings=\"{&quot;stretch_section&quot;:&quot;section-stretched&quot;}\">\n\t\t\t\t\t\t<div class=\"elementor-container elementor-column-gap-default\">\n\t\t\t\t\t<div class=\"elementor-column elementor-col-100 elementor-top-column elementor-element elementor-element-957de2a\" data-id=\"957de2a\" data-element_type=\"column\">\n\t\t\t<div class=\"elementor-widget-wrap elementor-element-populated\">\n\t\t\t\t\t\t\t\t<div class=\"elementor-element elementor-element-3d5b421 elementor-widget elementor-widget-image\" data-id=\"3d5b421\" data-element_type=\"widget\" data-widget_type=\"image.default\">\n\t\t\t\t<div class=\"elementor-widget-container\">\n\t\t\t<style>\/*! elementor - v3.14.0 - 26-06-2023 *\/\n.elementor-widget-image{text-align:center}.elementor-widget-image a{display:inline-block}.elementor-widget-image a img[src$=\".svg\"]{width:48px}.elementor-widget-image img{vertical-align:middle;display:inline-block}<\/style>\t\t\t\t\t\t\t\t\t\t\t\t<img loading=\"lazy\" decoding=\"async\" width=\"771\" height=\"719\" src=\"https:\/\/site.partnersti.com\/wp-content\/uploads\/2023\/06\/services_detail20.png\" class=\"attachment-full size-full wp-image-91755\" alt=\"\" srcset=\"https:\/\/site.partnersti.com\/wp-content\/uploads\/2023\/06\/services_detail20.png 771w, https:\/\/site.partnersti.com\/wp-content\/uploads\/2023\/06\/services_detail20-300x280.png 300w, https:\/\/site.partnersti.com\/wp-content\/uploads\/2023\/06\/services_detail20-768x716.png 768w\" sizes=\"auto, (max-width: 771px) 100vw, 771px\" \/>\t\t\t\t\t\t\t\t\t\t\t\t\t\t\t<\/div>\n\t\t\t\t<\/div>\n\t\t\t\t<div class=\"elementor-element elementor-element-a5fc6c1 elementor-widget elementor-widget-rs-heading\" data-id=\"a5fc6c1\" data-element_type=\"widget\" data-widget_type=\"rs-heading.default\">\n\t\t\t\t<div class=\"elementor-widget-container\">\n\t\t\t\n        <div class=\"prelements-heading default animate-  normal_color  subnormal_color dots_no subnormal_color\">\n        \t<div class=\"title-inner\">      \t\t\n\t            <h3 class=\"title\"><span class=\"watermark\"><\/span>ERP Laborat\u00f3rio de Sementes<\/h3>\t\t\t\t\n\t\t\t\t\t        <\/div>\n\t                    \t<div class=\"description\">\n            \t\t            \t\t<p>A Partners desenvolveu um sistema de gest\u00e3o de an\u00e1lises de sementes, espec\u00edfico para laborat\u00f3rios, utiliza a tecnologia PHP e banco de dados MySQL, tem a op\u00e7\u00e3o de configurar, tanto para uso na rede interna, quanto para acessar via internet<\/p>  \n            \t<\/div>\n        \t        <\/div>\n        \t\t<\/div>\n\t\t\t\t<\/div>\n\t\t\t\t<section class=\"default no-position elementor-section elementor-inner-section elementor-element elementor-element-d52de6f elementor-section-boxed elementor-section-height-default elementor-section-height-default\" data-id=\"d52de6f\" data-element_type=\"section\">\n\t\t\t\t\t\t<div class=\"elementor-container elementor-column-gap-default\">\n\t\t\t\t\t<div class=\"elementor-column elementor-col-100 elementor-inner-column elementor-element elementor-element-1519614\" data-id=\"1519614\" data-element_type=\"column\">\n\t\t\t<div class=\"elementor-widget-wrap elementor-element-populated\">\n\t\t\t\t\t\t\t\t<div class=\"elementor-element elementor-element-ceda5a1 elementor-widget elementor-widget-text-editor\" data-id=\"ceda5a1\" data-element_type=\"widget\" data-widget_type=\"text-editor.default\">\n\t\t\t\t<div class=\"elementor-widget-container\">\n\t\t\t<style>\/*! elementor - v3.14.0 - 26-06-2023 *\/\n.elementor-widget-text-editor.elementor-drop-cap-view-stacked .elementor-drop-cap{background-color:#69727d;color:#fff}.elementor-widget-text-editor.elementor-drop-cap-view-framed .elementor-drop-cap{color:#69727d;border:3px solid;background-color:transparent}.elementor-widget-text-editor:not(.elementor-drop-cap-view-default) .elementor-drop-cap{margin-top:8px}.elementor-widget-text-editor:not(.elementor-drop-cap-view-default) .elementor-drop-cap-letter{width:1em;height:1em}.elementor-widget-text-editor .elementor-drop-cap{float:left;text-align:center;line-height:1;font-size:50px}.elementor-widget-text-editor .elementor-drop-cap-letter{display:inline-block}<\/style>\t\t\t\t<p><span style=\"color: #727272; font-family: 'Open Sans', sans-serif; font-size: 13px;\">Controla desde a entrada da amostra, at\u00e9 a emiss\u00e3o do BAS.<\/span><\/p>\t\t\t\t\t\t<\/div>\n\t\t\t\t<\/div>\n\t\t\t\t\t<\/div>\n\t\t<\/div>\n\t\t\t\t\t\t\t<\/div>\n\t\t<\/section>\n\t\t\t\t<div class=\"elementor-element elementor-element-c4d8ec7 elementor-widget elementor-widget-rs-heading\" data-id=\"c4d8ec7\" data-element_type=\"widget\" data-widget_type=\"rs-heading.default\">\n\t\t\t\t<div class=\"elementor-widget-container\">\n\t\t\t\n        <div class=\"prelements-heading default animate-  normal_color  subnormal_color dots_no subnormal_color\">\n        \t<div class=\"title-inner\">      \t\t\n\t            \t\t\t\t\n\t\t\t\t\t        <\/div>\n\t                    \t<div class=\"description\">\n            \t\t            \t\t<p>Vejam os m\u00f3dulos:<\/p><ul><li>Produtores (controle de produtores ativos, bloqueados e etc);<\/li><li>Pesquisa por: Fantasia, raz\u00e3o, CNPJ, IE, C\u00f3digo, Fone;<\/li><li>Relat\u00f3rios com Filtros por: categoria, cidade, rua, bairro;<\/li><li>Endere\u00e7o de cobran\u00e7a diferente;<\/li><li>Contatos dos produtores;<\/li><li>Fornecedores;<\/li><li>Culturas e respectivas cultivares (Idem registro no Minist\u00e9rio da Agricultura).<\/li><\/ul>  \n            \t<\/div>\n        \t        <\/div>\n        \t\t<\/div>\n\t\t\t\t<\/div>\n\t\t\t\t<div class=\"elementor-element elementor-element-5134cc9 elementor-widget elementor-widget-rs-heading\" data-id=\"5134cc9\" data-element_type=\"widget\" data-widget_type=\"rs-heading.default\">\n\t\t\t\t<div class=\"elementor-widget-container\">\n\t\t\t\n        <div class=\"prelements-heading default animate-  normal_color  subnormal_color dots_no subnormal_color\">\n        \t<div class=\"title-inner\">      \t\t\n\t            <h3 class=\"title\"><span class=\"watermark\"><\/span>An\u00e1lises<\/h3>\t\t\t\t\n\t\t\t\t\t        <\/div>\n\t                <\/div>\n        \t\t<\/div>\n\t\t\t\t<\/div>\n\t\t\t\t<section class=\"default no-position elementor-section elementor-inner-section elementor-element elementor-element-ea5ca6b elementor-section-content-middle elementor-section-boxed elementor-section-height-default elementor-section-height-default\" data-id=\"ea5ca6b\" data-element_type=\"section\">\n\t\t\t\t\t\t<div class=\"elementor-container elementor-column-gap-default\">\n\t\t\t\t\t<div class=\"elementor-column elementor-col-50 elementor-inner-column elementor-element elementor-element-fc13bc0\" data-id=\"fc13bc0\" data-element_type=\"column\">\n\t\t\t<div class=\"elementor-widget-wrap elementor-element-populated\">\n\t\t\t\t\t\t\t\t<div class=\"elementor-element elementor-element-7de5398 elementor-widget elementor-widget-image\" data-id=\"7de5398\" data-element_type=\"widget\" data-widget_type=\"image.default\">\n\t\t\t\t<div class=\"elementor-widget-container\">\n\t\t\t\t\t\t\t\t\t\t\t\t\t\t\t<img loading=\"lazy\" decoding=\"async\" width=\"750\" height=\"750\" src=\"https:\/\/site.partnersti.com\/wp-content\/uploads\/2023\/04\/process_h_2_4.png\" class=\"attachment-full size-full wp-image-86612\" alt=\"\" srcset=\"https:\/\/site.partnersti.com\/wp-content\/uploads\/2023\/04\/process_h_2_4.png 750w, https:\/\/site.partnersti.com\/wp-content\/uploads\/2023\/04\/process_h_2_4-300x300.png 300w, https:\/\/site.partnersti.com\/wp-content\/uploads\/2023\/04\/process_h_2_4-150x150.png 150w, https:\/\/site.partnersti.com\/wp-content\/uploads\/2023\/04\/process_h_2_4-100x100.png 100w, https:\/\/site.partnersti.com\/wp-content\/uploads\/2023\/04\/process_h_2_4-500x500.png 500w\" sizes=\"auto, (max-width: 750px) 100vw, 750px\" \/>\t\t\t\t\t\t\t\t\t\t\t\t\t\t\t<\/div>\n\t\t\t\t<\/div>\n\t\t\t\t\t<\/div>\n\t\t<\/div>\n\t\t\t\t<div class=\"elementor-column elementor-col-50 elementor-inner-column elementor-element elementor-element-990e81e\" data-id=\"990e81e\" data-element_type=\"column\">\n\t\t\t<div class=\"elementor-widget-wrap elementor-element-populated\">\n\t\t\t\t\t\t\t\t<div class=\"elementor-element elementor-element-8011fd1 elementor-icon-list--layout-traditional elementor-list-item-link-full_width elementor-widget elementor-widget-icon-list\" data-id=\"8011fd1\" data-element_type=\"widget\" data-widget_type=\"icon-list.default\">\n\t\t\t\t<div class=\"elementor-widget-container\">\n\t\t\t<link rel=\"stylesheet\" href=\"https:\/\/site.partnersti.com\/wp-content\/plugins\/elementor\/assets\/css\/widget-icon-list.min.css\">\t\t<ul class=\"elementor-icon-list-items\">\n\t\t\t\t\t\t\t<li class=\"elementor-icon-list-item\">\n\t\t\t\t\t\t\t\t\t\t\t<span class=\"elementor-icon-list-icon\">\n\t\t\t\t\t\t\t<i aria-hidden=\"true\" class=\"fas fa-arrow-circle-right\"><\/i>\t\t\t\t\t\t<\/span>\n\t\t\t\t\t\t\t\t\t\t<span class=\"elementor-icon-list-text\">Abertura de Pedido de an\u00e1lise de sementes;<\/span>\n\t\t\t\t\t\t\t\t\t<\/li>\n\t\t\t\t\t\t\t\t<li class=\"elementor-icon-list-item\">\n\t\t\t\t\t\t\t\t\t\t\t<span class=\"elementor-icon-list-icon\">\n\t\t\t\t\t\t\t<i aria-hidden=\"true\" class=\"fas fa-arrow-circle-right\"><\/i>\t\t\t\t\t\t<\/span>\n\t\t\t\t\t\t\t\t\t\t<span class=\"elementor-icon-list-text\">Impress\u00e3o da ficha de an\u00e1lise em impressora Laser com ou sem resultado;<\/span>\n\t\t\t\t\t\t\t\t\t<\/li>\n\t\t\t\t\t\t\t\t<li class=\"elementor-icon-list-item\">\n\t\t\t\t\t\t\t\t\t\t\t<span class=\"elementor-icon-list-icon\">\n\t\t\t\t\t\t\t<i aria-hidden=\"true\" class=\"fas fa-arrow-circle-right\"><\/i>\t\t\t\t\t\t<\/span>\n\t\t\t\t\t\t\t\t\t\t<span class=\"elementor-icon-list-text\">Importa\u00e7\u00e3o dos dados de An\u00e1lises Certificadas da Funda\u00e7\u00e3o Pr\u00f3-Sementes;<\/span>\n\t\t\t\t\t\t\t\t\t<\/li>\n\t\t\t\t\t\t\t\t<li class=\"elementor-icon-list-item\">\n\t\t\t\t\t\t\t\t\t\t\t<span class=\"elementor-icon-list-icon\">\n\t\t\t\t\t\t\t<i aria-hidden=\"true\" class=\"fas fa-arrow-circle-right\"><\/i>\t\t\t\t\t\t<\/span>\n\t\t\t\t\t\t\t\t\t\t<span class=\"elementor-icon-list-text\">Digita\u00e7\u00e3o dos dados da an\u00e1lise. Sistema verifica se a conta do percentual da an\u00e1lise de pureza est\u00e1 correta. Lista as Nocivas e Silvestres conforme banco de dados.<\/span>\n\t\t\t\t\t\t\t\t\t<\/li>\n\t\t\t\t\t\t\t\t<li class=\"elementor-icon-list-item\">\n\t\t\t\t\t\t\t\t\t\t\t<span class=\"elementor-icon-list-icon\">\n\t\t\t\t\t\t\t<i aria-hidden=\"true\" class=\"fas fa-arrow-circle-right\"><\/i>\t\t\t\t\t\t<\/span>\n\t\t\t\t\t\t\t\t\t\t<span class=\"elementor-icon-list-text\">C\u00e1lculo autom\u00e1tico das m\u00e9dias das repeti\u00e7\u00f5es; C\u00e1lculo e impress\u00e3o do PMS;<\/span>\n\t\t\t\t\t\t\t\t\t<\/li>\n\t\t\t\t\t\t\t\t<li class=\"elementor-icon-list-item\">\n\t\t\t\t\t\t\t\t\t\t\t<span class=\"elementor-icon-list-icon\">\n\t\t\t\t\t\t\t<i aria-hidden=\"true\" class=\"fas fa-arrow-circle-right\"><\/i>\t\t\t\t\t\t<\/span>\n\t\t\t\t\t\t\t\t\t\t<span class=\"elementor-icon-list-text\">Gera\u00e7\u00e3o de boletim conforme normas IN25 e ou informe (op\u00e7\u00e3o de 2a Via); <\/span>\n\t\t\t\t\t\t\t\t\t<\/li>\n\t\t\t\t\t\t\t\t<li class=\"elementor-icon-list-item\">\n\t\t\t\t\t\t\t\t\t\t\t<span class=\"elementor-icon-list-icon\">\n\t\t\t\t\t\t\t<i aria-hidden=\"true\" class=\"fas fa-arrow-circle-right\"><\/i>\t\t\t\t\t\t<\/span>\n\t\t\t\t\t\t\t\t\t\t<span class=\"elementor-icon-list-text\">Informes: Informe Normal, Informe Sanidade, Informe Patologia;<\/span>\n\t\t\t\t\t\t\t\t\t<\/li>\n\t\t\t\t\t\t\t\t<li class=\"elementor-icon-list-item\">\n\t\t\t\t\t\t\t\t\t\t\t<span class=\"elementor-icon-list-icon\">\n\t\t\t\t\t\t\t<i aria-hidden=\"true\" class=\"fas fa-arrow-circle-right\"><\/i>\t\t\t\t\t\t<\/span>\n\t\t\t\t\t\t\t\t\t\t<span class=\"elementor-icon-list-text\">Gera\u00e7\u00e3o do Termo de Conformidade;<\/span>\n\t\t\t\t\t\t\t\t\t<\/li>\n\t\t\t\t\t\t\t\t<li class=\"elementor-icon-list-item\">\n\t\t\t\t\t\t\t\t\t\t\t<span class=\"elementor-icon-list-icon\">\n\t\t\t\t\t\t\t<i aria-hidden=\"true\" class=\"fas fa-arrow-circle-right\"><\/i>\t\t\t\t\t\t<\/span>\n\t\t\t\t\t\t\t\t\t\t<span class=\"elementor-icon-list-text\">Exporta\u00e7\u00e3o de Boletim em TXT para Funda\u00e7\u00e3o Pr\u00f3-Sementes.<\/span>\n\t\t\t\t\t\t\t\t\t<\/li>\n\t\t\t\t\t\t<\/ul>\n\t\t\t\t<\/div>\n\t\t\t\t<\/div>\n\t\t\t\t\t<\/div>\n\t\t<\/div>\n\t\t\t\t\t\t\t<\/div>\n\t\t<\/section>\n\t\t\t\t<div class=\"elementor-element elementor-element-94693b2 elementor-widget elementor-widget-rs-heading\" data-id=\"94693b2\" data-element_type=\"widget\" data-widget_type=\"rs-heading.default\">\n\t\t\t\t<div class=\"elementor-widget-container\">\n\t\t\t\n        <div class=\"prelements-heading default animate-  normal_color  subnormal_color dots_no subnormal_color\">\n        \t<div class=\"title-inner\">      \t\t\n\t            <h3 class=\"title\"><span class=\"watermark\"><\/span>Software<\/h3>\t\t\t\t\n\t\t\t\t\t        <\/div>\n\t                <\/div>\n        \t\t<\/div>\n\t\t\t\t<\/div>\n\t\t\t\t<section class=\"default no-position elementor-section elementor-inner-section elementor-element elementor-element-0bf84d7 elementor-section-content-middle elementor-section-boxed elementor-section-height-default elementor-section-height-default\" data-id=\"0bf84d7\" data-element_type=\"section\">\n\t\t\t\t\t\t<div class=\"elementor-container elementor-column-gap-default\">\n\t\t\t\t\t<div class=\"elementor-column elementor-col-100 elementor-inner-column elementor-element elementor-element-ebb773f\" data-id=\"ebb773f\" data-element_type=\"column\">\n\t\t\t<div class=\"elementor-widget-wrap elementor-element-populated\">\n\t\t\t\t\t\t\t\t<div class=\"elementor-element elementor-element-9832fbf elementor-widget__width-initial elementor-widget-tablet__width-inherit elementor-widget elementor-widget-rs-heading\" data-id=\"9832fbf\" data-element_type=\"widget\" data-widget_type=\"rs-heading.default\">\n\t\t\t\t<div class=\"elementor-widget-container\">\n\t\t\t\n        <div class=\"prelements-heading default animate-  normal_color  subnormal_color dots_no subnormal_color\">\n        \t<div class=\"title-inner\">      \t\t\n\t            <h5 class=\"title\"><span class=\"watermark\"><\/span>Faturamento<\/h5>\t\t\t\t\n\t\t\t\t\t        <\/div>\n\t                    \t<div class=\"description\">\n            \t\t            \t\t<ul><li>Cobran\u00e7a em carteira ou gera\u00e7\u00e3o de boleto banc\u00e1rio;<\/li><li>Relat\u00f3rio com filtros por: data, pagos, em aberto, carteira, banco, vencimento e pagamento;<\/li><li>Gera\u00e7\u00e3o de nota fiscal;<\/li><li>Gera\u00e7\u00e3o de boleto;<\/li><li>Leitura do Retorno do Banco.<\/li><\/ul>  \n            \t<\/div>\n        \t        <\/div>\n        \t\t<\/div>\n\t\t\t\t<\/div>\n\t\t\t\t<div class=\"elementor-element elementor-element-dab4d4d elementor-widget__width-initial elementor-widget-tablet__width-inherit elementor-widget elementor-widget-rs-heading\" data-id=\"dab4d4d\" data-element_type=\"widget\" data-widget_type=\"rs-heading.default\">\n\t\t\t\t<div class=\"elementor-widget-container\">\n\t\t\t\n        <div class=\"prelements-heading default animate-  normal_color  subnormal_color dots_no subnormal_color\">\n        \t<div class=\"title-inner\">      \t\t\n\t            <h5 class=\"title\"><span class=\"watermark\"><\/span>Contas a pagar<\/h5>\t\t\t\t\n\t\t\t\t\t        <\/div>\n\t                    \t<div class=\"description\">\n            \t\t            \t\t<ul><li class=\"p1\">Inclus\u00e3o de contas<\/li><li class=\"p1\">Relat\u00f3rios com filtros por: fornecedor, vencimento, pagamento, pagas, em aberto. fixas. mensais, eventuais<\/li><li class=\"p1\">Fluxo de caixa<\/li><li class=\"p1\">Possibilidade de integrar com impress\u00e3o de cheques<\/li><\/ul>  \n            \t<\/div>\n        \t        <\/div>\n        \t\t<\/div>\n\t\t\t\t<\/div>\n\t\t\t\t\t<\/div>\n\t\t<\/div>\n\t\t\t\t\t\t\t<\/div>\n\t\t<\/section>\n\t\t\t\t\t<\/div>\n\t\t<\/div>\n\t\t\t\t\t\t\t<\/div>\n\t\t<\/section>\n\t\t\t\t<section class=\"default no-position elementor-section elementor-top-section elementor-element elementor-element-474b02d elementor-section-boxed elementor-section-height-default elementor-section-height-default\" data-id=\"474b02d\" data-element_type=\"section\">\n\t\t\t\t\t\t<div class=\"elementor-container elementor-column-gap-default\">\n\t\t\t\t\t<div class=\"elementor-column elementor-col-50 elementor-top-column elementor-element elementor-element-1b50cb9\" data-id=\"1b50cb9\" data-element_type=\"column\">\n\t\t\t<div class=\"elementor-widget-wrap elementor-element-populated\">\n\t\t\t\t\t\t\t\t<div class=\"elementor-element elementor-element-af7dd7b elementor-widget__width-initial elementor-widget-tablet__width-inherit elementor-widget elementor-widget-rs-heading\" data-id=\"af7dd7b\" data-element_type=\"widget\" data-widget_type=\"rs-heading.default\">\n\t\t\t\t<div class=\"elementor-widget-container\">\n\t\t\t\n        <div class=\"prelements-heading default animate-  normal_color  subnormal_color dots_no subnormal_color\">\n        \t<div class=\"title-inner\">      \t\t\n\t            <h5 class=\"title\"><span class=\"watermark\"><\/span>BAS e Informe<\/h5>\t\t\t\t\n\t\t\t\t\t        <\/div>\n\t                    \t<div class=\"description\">\n            \t\t            \t\t<p>---\u00a0 Selecionar as an\u00e1lises para gerar automaticamente:<\/p><ul><li class=\"p1\">Boletim de an\u00e1lise de sementes<\/li><li class=\"p1\">Boletim de sanidade<\/li><li class=\"p1\">Informe de resultado<\/li><li class=\"p1\">Termo de conformidade<\/li><li class=\"p1\">BAS em txt<\/li><\/ul>  \n            \t<\/div>\n        \t        <\/div>\n        \t\t<\/div>\n\t\t\t\t<\/div>\n\t\t\t\t\t<\/div>\n\t\t<\/div>\n\t\t\t\t<div class=\"elementor-column elementor-col-50 elementor-top-column elementor-element elementor-element-96960c7\" data-id=\"96960c7\" data-element_type=\"column\">\n\t\t\t<div class=\"elementor-widget-wrap elementor-element-populated\">\n\t\t\t\t\t\t\t\t<div class=\"elementor-element elementor-element-550e033 elementor-widget__width-initial elementor-widget-tablet__width-inherit elementor-widget elementor-widget-rs-heading\" data-id=\"550e033\" data-element_type=\"widget\" data-widget_type=\"rs-heading.default\">\n\t\t\t\t<div class=\"elementor-widget-container\">\n\t\t\t\n        <div class=\"prelements-heading default animate-  normal_color  subnormal_color dots_no subnormal_color\">\n        \t<div class=\"title-inner\">      \t\t\n\t            <h5 class=\"title\"><span class=\"watermark\"><\/span>Usu\u00e1rios<\/h5>\t\t\t\t\n\t\t\t\t\t        <\/div>\n\t                    \t<div class=\"description\">\n            \t\t            \t\t<ul><li>Inclus\u00e3o e manuten\u00e7\u00e3o de usu\u00e1rios do sistema, com controle dos m\u00f3dulos que cada um poder\u00e1 acessar.<\/li><li>Controle para definir usu\u00e1rio com acesso por m\u00f3dulo<\/li><li>Definir usu\u00e1rios distintos para germina\u00e7\u00e3o ou pureza<\/li><li>Bloqueio da ficha quando outro usu\u00e1rio est\u00e1 digitando<\/li><\/ul>  \n            \t<\/div>\n        \t        <\/div>\n        \t\t<\/div>\n\t\t\t\t<\/div>\n\t\t\t\t\t<\/div>\n\t\t<\/div>\n\t\t\t\t\t\t\t<\/div>\n\t\t<\/section>\n\t\t\t\t\t\t\t<\/div>\n\t\t","protected":false},"excerpt":{"rendered":"<p>ERP Laborat\u00f3rio de Sementes A Partners desenvolveu um sistema de gest\u00e3o de an\u00e1lises de sementes, espec\u00edfico para laborat\u00f3rios, utiliza a tecnologia PHP e banco de dados MySQL, tem a op\u00e7\u00e3o de configurar, tanto para uso na rede interna, quanto para acessar via internet Controla desde a entrada da amostra, at\u00e9 a emiss\u00e3o do BAS. Vejam&#8230;<\/p>\n","protected":false},"author":1,"featured_media":0,"parent":0,"menu_order":0,"comment_status":"closed","ping_status":"closed","template":"elementor_header_footer","meta":{"footnotes":""},"class_list":["post-82000","page","type-page","status-publish","hentry"],"_links":{"self":[{"href":"https:\/\/site.partnersti.com\/index.php?rest_route=\/wp\/v2\/pages\/82000","targetHints":{"allow":["GET"]}}],"collection":[{"href":"https:\/\/site.partnersti.com\/index.php?rest_route=\/wp\/v2\/pages"}],"about":[{"href":"https:\/\/site.partnersti.com\/index.php?rest_route=\/wp\/v2\/types\/page"}],"author":[{"embeddable":true,"href":"https:\/\/site.partnersti.com\/index.php?rest_route=\/wp\/v2\/users\/1"}],"replies":[{"embeddable":true,"href":"https:\/\/site.partnersti.com\/index.php?rest_route=%2Fwp%2Fv2%2Fcomments&post=82000"}],"version-history":[{"count":23,"href":"https:\/\/site.partnersti.com\/index.php?rest_route=\/wp\/v2\/pages\/82000\/revisions"}],"predecessor-version":[{"id":93013,"href":"https:\/\/site.partnersti.com\/index.php?rest_route=\/wp\/v2\/pages\/82000\/revisions\/93013"}],"wp:attachment":[{"href":"https:\/\/site.partnersti.com\/index.php?rest_route=%2Fwp%2Fv2%2Fmedia&parent=82000"}],"curies":[{"name":"wp","href":"https:\/\/api.w.org\/{rel}","templated":true}]}}