{"id":78441,"date":"2023-04-07T05:55:56","date_gmt":"2023-04-07T05:55:56","guid":{"rendered":"http:\/\/192.168.0.130:10023\/?page_id=78441"},"modified":"2023-08-21T15:07:01","modified_gmt":"2023-08-21T18:07:01","slug":"contact","status":"publish","type":"page","link":"https:\/\/site.partnersti.com\/?page_id=78441","title":{"rendered":"Contato"},"content":{"rendered":"\t\t<div data-elementor-type=\"wp-page\" data-elementor-id=\"78441\" class=\"elementor elementor-78441\">\n\t\t\t\t\t\t\t\t\t<section class=\"default no-position elementor-section elementor-top-section elementor-element elementor-element-f0f4fc7 elementor-section-boxed elementor-section-height-default elementor-section-height-default\" data-id=\"f0f4fc7\" data-element_type=\"section\">\n\t\t\t\t\t\t<div class=\"elementor-container elementor-column-gap-default\">\n\t\t\t\t\t<div class=\"elementor-column elementor-col-100 elementor-top-column elementor-element elementor-element-4bf93db\" data-id=\"4bf93db\" data-element_type=\"column\">\n\t\t\t<div class=\"elementor-widget-wrap elementor-element-populated\">\n\t\t\t\t\t\t\t\t<div class=\"elementor-element elementor-element-ed9b646 elementor-widget elementor-widget-rs-heading\" data-id=\"ed9b646\" data-element_type=\"widget\" data-widget_type=\"rs-heading.default\">\n\t\t\t\t<div class=\"elementor-widget-container\">\n\t\t\t\n        <div class=\"prelements-heading default animate-  normal_color  subnormal_color dots_no subnormal_color\">\n        \t<div class=\"title-inner\">      \t\t\n\t            <h2 class=\"title\"><span class=\"watermark\"><\/span>Nos contate<\/h2>\t\t\t\t\n\t\t\t\t\t        <\/div>\n\t                    \t<div class=\"description\">\n            \t\t            \t\t<p>Solu\u00e7\u00f5es de TI para qualquer porte de neg\u00f3cio.<\/p>  \n            \t<\/div>\n        \t        <\/div>\n        \t\t<\/div>\n\t\t\t\t<\/div>\n\t\t\t\t<section class=\"default no-position elementor-section elementor-inner-section elementor-element elementor-element-7a3c807 elementor-section-boxed elementor-section-height-default elementor-section-height-default\" data-id=\"7a3c807\" data-element_type=\"section\" data-settings=\"{&quot;background_background&quot;:&quot;classic&quot;}\">\n\t\t\t\t\t\t<div class=\"elementor-container elementor-column-gap-default\">\n\t\t\t\t\t<div class=\"elementor-column elementor-col-50 elementor-inner-column elementor-element elementor-element-c0264ee\" data-id=\"c0264ee\" data-element_type=\"column\">\n\t\t\t<div class=\"elementor-widget-wrap elementor-element-populated\">\n\t\t\t\t\t\t\t\t<div class=\"elementor-element elementor-element-a5eaedf elementor-widget elementor-widget-rs-heading\" data-id=\"a5eaedf\" data-element_type=\"widget\" data-widget_type=\"rs-heading.default\">\n\t\t\t\t<div class=\"elementor-widget-container\">\n\t\t\t\n        <div class=\"prelements-heading default animate-  normal_color  subnormal_color dots_no subnormal_color\">\n        \t<div class=\"title-inner\">      \t\t\n\t            <h5 class=\"title\"><span class=\"watermark\"><\/span>Contato:<\/h5>\t\t\t\t\n\t\t\t\t\t        <\/div>\n\t                <\/div>\n        \t\t<\/div>\n\t\t\t\t<\/div>\n\t\t\t\t<div class=\"elementor-element elementor-element-b3c775c elementor-widget elementor-widget-rs-contact-box\" data-id=\"b3c775c\" data-element_type=\"widget\" data-widget_type=\"rs-contact-box.default\">\n\t\t\t\t<div class=\"elementor-widget-container\">\n\t\t\t\t\t\r\n\r\n\t\t<!-- Style 1 Start -->\r\n\t\t<div class=\"rs-contact-box\">\r\n\r\n\t\t\t\t\t\t<div class=\"address-item boxstyle2\">\r\n\r\n\t\t\t\t\t\t\t            <div class=\"address-icon icon_1 elementor-repeater-item-9322a28\">\r\n\t\t            \t<svg xmlns=\"http:\/\/www.w3.org\/2000\/svg\" viewBox=\"0 0 24 24\"><path d=\"M2 5L9 2L15 5L21.303 2.2987C21.5569 2.18992 21.8508 2.30749 21.9596 2.56131C21.9862 2.62355 22 2.69056 22 2.75827V19L15 22L9 19L2.69696 21.7013C2.44314 21.8101 2.14921 21.6925 2.04043 21.4387C2.01375 21.3765 2 21.3094 2 21.2417V5ZM16 19.3955L20 17.6812V5.03308L16 6.74736V19.3955ZM14 19.2639V6.73607L10 4.73607V17.2639L14 19.2639ZM8 17.2526V4.60451L4 6.31879V18.9669L8 17.2526Z\" fill=\"rgba(82,62,232,1)\"><\/path><\/svg>\t\t            <\/div>\r\n\t\t            \r\n\t\t            <div class=\"address-text\">\r\n\t\t            \t\t\t            \t<div class=\"text\">\r\n\t\t            \t\t\t\t            \t\t <span class=\"label\">Endere\u00e7o<\/span>\r\n\t\t            \t\t\t\t            \t\t\t\t            \t\t<span class=\"des\">\r\n\t\t\t\t                Rua Carij\u00f3s, 244, Passo Fundo\t\t\t\t            <\/span>\r\n\t\t\t\t            \t\t\t            <\/div>\r\n\t\t\t       \t\t\t\t\t\t\t\t   \r\n\r\n\r\n\t\t            \t\t\t\t\t\t\t   \r\n\r\n\t\t            \t\t\t\t\t\t\t   \r\n\t\t            <\/div>\r\n\t\t\t\t\t<span class=\"des-right-icon\"><\/span>\r\n\t\t        <\/div>\r\n\t\t\t\t\t<\/div>\r\n\r\n\t<!-- Style 1 End -->\t\r\n\t\t\r\n\t\t\t<\/div>\n\t\t\t\t<\/div>\n\t\t\t\t\t<\/div>\n\t\t<\/div>\n\t\t\t\t<div class=\"elementor-column elementor-col-50 elementor-inner-column elementor-element elementor-element-1c2c418\" data-id=\"1c2c418\" data-element_type=\"column\">\n\t\t\t<div class=\"elementor-widget-wrap elementor-element-populated\">\n\t\t\t\t\t\t\t\t<div class=\"elementor-element elementor-element-c196006 rs__phone_lr elementor-widget elementor-widget-rs-contact-box\" data-id=\"c196006\" data-element_type=\"widget\" data-widget_type=\"rs-contact-box.default\">\n\t\t\t\t<div class=\"elementor-widget-container\">\n\t\t\t\t\t\r\n\r\n\t\t<!-- Style 1 Start -->\r\n\t\t<div class=\"rs-contact-box\">\r\n\r\n\t\t\t\t\t\t<div class=\"address-item boxstyle2\">\r\n\r\n\t\t\t\t\t\t\t            <div class=\"address-icon icon_1 elementor-repeater-item-9322a28\">\r\n\t\t            \t<svg xmlns=\"http:\/\/www.w3.org\/2000\/svg\" width=\"24\" height=\"24\" viewBox=\"0 0 24 24\" fill=\"none\" stroke=\"#523ee8\" stroke-width=\"2\" stroke-linecap=\"round\" stroke-linejoin=\"round\" class=\"feather feather-phone-call\"><path d=\"M15.05 5A5 5 0 0 1 19 8.95M15.05 1A9 9 0 0 1 23 8.94m-1 7.98v3a2 2 0 0 1-2.18 2 19.79 19.79 0 0 1-8.63-3.07 19.5 19.5 0 0 1-6-6 19.79 19.79 0 0 1-3.07-8.67A2 2 0 0 1 4.11 2h3a2 2 0 0 1 2 1.72 12.84 12.84 0 0 0 .7 2.81 2 2 0 0 1-.45 2.11L8.09 9.91a16 16 0 0 0 6 6l1.27-1.27a2 2 0 0 1 2.11-.45 12.84 12.84 0 0 0 2.81.7A2 2 0 0 1 22 16.92z\"><\/path><\/svg>\t\t            <\/div>\r\n\t\t            \r\n\t\t            <div class=\"address-text\">\r\n\t\t            \t\t\t            \t<div class=\"text\">\r\n\t\t            \t\t\t\t            \t\t <span class=\"label\">Nos Ligue<\/span>\r\n\t\t            \t\t\t\t            \t\t\t\t            \t\t<span class=\"des\">\r\n\t\t\t\t                (51) 3500-0553\t\t\t\t            <\/span>\r\n\t\t\t\t            \t\t\t            <\/div>\r\n\t\t\t       \t\t\t\t\t\t\t\t   \r\n\r\n\r\n\t\t            \t\t\t\t\t\t\t   \r\n\r\n\t\t            \t\t\t\t\t\t\t   \r\n\t\t            <\/div>\r\n\t\t\t\t\t<span class=\"des-right-icon\"><\/span>\r\n\t\t        <\/div>\r\n\t\t\t\t\t\t\t<div class=\"address-item boxstyle2\">\r\n\r\n\t\t\t\t\t\t\t            <div class=\"address-icon icon_2 elementor-repeater-item-4934d5c\">\r\n\t\t            \t<svg xmlns=\"http:\/\/www.w3.org\/2000\/svg\" viewBox=\"0 0 24 24\"><path d=\"M21 3C21.5523 3 22 3.44772 22 4V20.0066C22 20.5552 21.5447 21 21.0082 21H2.9918C2.44405 21 2 20.5551 2 20.0066V19H20V7.3L12 14.5L2 5.5V4C2 3.44772 2.44772 3 3 3H21ZM8 15V17H0V15H8ZM5 10V12H0V10H5ZM19.5659 5H4.43414L12 11.8093L19.5659 5Z\" fill=\"rgba(82,62,232,1)\"><\/path><\/svg>\t\t            <\/div>\r\n\t\t            \r\n\t\t            <div class=\"address-text\">\r\n\t\t            \t\t\t            \t<div class=\"text\">\r\n\t\t            \t\t\t\t            \t\t <span class=\"label\">E-mail<\/span>\r\n\t\t            \t\t\t\t            \t\t\t\t            \t\t<span class=\"des\">\r\n\t\t\t\t                falecom@partnersti.com\t\t\t\t            <\/span>\r\n\t\t\t\t            \t\t\t            <\/div>\r\n\t\t\t       \t\t\t\t\t\t\t\t   \r\n\r\n\r\n\t\t            \t\t\t\t\t\t\t   \r\n\r\n\t\t            \t\t\t\t\t\t\t   \r\n\t\t            <\/div>\r\n\t\t\t\t\t<span class=\"des-right-icon\"><\/span>\r\n\t\t        <\/div>\r\n\t\t\t\t\t<\/div>\r\n\r\n\t<!-- Style 1 End -->\t\r\n\t\t\r\n\t\t\t<\/div>\n\t\t\t\t<\/div>\n\t\t\t\t\t<\/div>\n\t\t<\/div>\n\t\t\t\t\t\t\t<\/div>\n\t\t<\/section>\n\t\t\t\t\t<\/div>\n\t\t<\/div>\n\t\t\t\t\t\t\t<\/div>\n\t\t<\/section>\n\t\t\t\t<section class=\"default no-position elementor-section elementor-top-section elementor-element elementor-element-6df62ff elementor-section-boxed elementor-section-height-default elementor-section-height-default\" data-id=\"6df62ff\" data-element_type=\"section\" data-settings=\"{&quot;background_background&quot;:&quot;classic&quot;}\">\n\t\t\t\t\t\t<div class=\"elementor-container elementor-column-gap-default\">\n\t\t\t\t\t<div class=\"elementor-column elementor-col-100 elementor-top-column elementor-element elementor-element-447c7e9\" data-id=\"447c7e9\" data-element_type=\"column\" data-settings=\"{&quot;background_background&quot;:&quot;classic&quot;}\">\n\t\t\t<div class=\"elementor-widget-wrap elementor-element-populated\">\n\t\t\t\t\t\t\t\t<div class=\"elementor-element elementor-element-974b88c elementor-widget-divider--view-line elementor-widget elementor-widget-divider\" data-id=\"974b88c\" data-element_type=\"widget\" data-widget_type=\"divider.default\">\n\t\t\t\t<div class=\"elementor-widget-container\">\n\t\t\t<style>\/*! elementor - v3.14.0 - 26-06-2023 *\/\n.elementor-widget-divider{--divider-border-style:none;--divider-border-width:1px;--divider-color:#0c0d0e;--divider-icon-size:20px;--divider-element-spacing:10px;--divider-pattern-height:24px;--divider-pattern-size:20px;--divider-pattern-url:none;--divider-pattern-repeat:repeat-x}.elementor-widget-divider .elementor-divider{display:flex}.elementor-widget-divider .elementor-divider__text{font-size:15px;line-height:1;max-width:95%}.elementor-widget-divider .elementor-divider__element{margin:0 var(--divider-element-spacing);flex-shrink:0}.elementor-widget-divider .elementor-icon{font-size:var(--divider-icon-size)}.elementor-widget-divider .elementor-divider-separator{display:flex;margin:0;direction:ltr}.elementor-widget-divider--view-line_icon .elementor-divider-separator,.elementor-widget-divider--view-line_text .elementor-divider-separator{align-items:center}.elementor-widget-divider--view-line_icon .elementor-divider-separator:after,.elementor-widget-divider--view-line_icon .elementor-divider-separator:before,.elementor-widget-divider--view-line_text .elementor-divider-separator:after,.elementor-widget-divider--view-line_text .elementor-divider-separator:before{display:block;content:\"\";border-bottom:0;flex-grow:1;border-top:var(--divider-border-width) var(--divider-border-style) var(--divider-color)}.elementor-widget-divider--element-align-left .elementor-divider .elementor-divider-separator>.elementor-divider__svg:first-of-type{flex-grow:0;flex-shrink:100}.elementor-widget-divider--element-align-left .elementor-divider-separator:before{content:none}.elementor-widget-divider--element-align-left .elementor-divider__element{margin-left:0}.elementor-widget-divider--element-align-right .elementor-divider .elementor-divider-separator>.elementor-divider__svg:last-of-type{flex-grow:0;flex-shrink:100}.elementor-widget-divider--element-align-right .elementor-divider-separator:after{content:none}.elementor-widget-divider--element-align-right .elementor-divider__element{margin-right:0}.elementor-widget-divider:not(.elementor-widget-divider--view-line_text):not(.elementor-widget-divider--view-line_icon) .elementor-divider-separator{border-top:var(--divider-border-width) var(--divider-border-style) var(--divider-color)}.elementor-widget-divider--separator-type-pattern{--divider-border-style:none}.elementor-widget-divider--separator-type-pattern.elementor-widget-divider--view-line .elementor-divider-separator,.elementor-widget-divider--separator-type-pattern:not(.elementor-widget-divider--view-line) .elementor-divider-separator:after,.elementor-widget-divider--separator-type-pattern:not(.elementor-widget-divider--view-line) .elementor-divider-separator:before,.elementor-widget-divider--separator-type-pattern:not([class*=elementor-widget-divider--view]) .elementor-divider-separator{width:100%;min-height:var(--divider-pattern-height);-webkit-mask-size:var(--divider-pattern-size) 100%;mask-size:var(--divider-pattern-size) 100%;-webkit-mask-repeat:var(--divider-pattern-repeat);mask-repeat:var(--divider-pattern-repeat);background-color:var(--divider-color);-webkit-mask-image:var(--divider-pattern-url);mask-image:var(--divider-pattern-url)}.elementor-widget-divider--no-spacing{--divider-pattern-size:auto}.elementor-widget-divider--bg-round{--divider-pattern-repeat:round}.rtl .elementor-widget-divider .elementor-divider__text{direction:rtl}.e-con-inner>.elementor-widget-divider,.e-con>.elementor-widget-divider{width:var(--container-widget-width,100%);--flex-grow:var(--container-widget-flex-grow)}<\/style>\t\t<div class=\"elementor-divider\">\n\t\t\t<span class=\"elementor-divider-separator\">\n\t\t\t\t\t\t<\/span>\n\t\t<\/div>\n\t\t\t\t<\/div>\n\t\t\t\t<\/div>\n\t\t\t\t<div class=\"elementor-element elementor-element-e1da5e6 elementor-widget elementor-widget-rs-heading\" data-id=\"e1da5e6\" data-element_type=\"widget\" data-widget_type=\"rs-heading.default\">\n\t\t\t\t<div class=\"elementor-widget-container\">\n\t\t\t\n        <div class=\"prelements-heading style13 animate-default center normal_color  subnormal_color dots_ subnormal_color\">\n        \t<div class=\"title-inner\">      \t\t\n\t            <span class=\"sub-text\"> \n\t\t\t<img decoding=\"async\" src=\"https:\/\/demo.rstheme.com\/wordpress\/tekone\/wp-content\/uploads\/2023\/03\/heart_beat_graph_dark.svg\" alt=\"icon\"> Confiado por <img decoding=\"async\" src=\"https:\/\/demo.rstheme.com\/wordpress\/tekone\/wp-content\/uploads\/2023\/03\/heart_beat_graph_dark.svg\" alt=\"icon\"><\/span>\t\t\t\t\n\t\t\t\t\t        <\/div>\n\t                <\/div>\n        \t\t<\/div>\n\t\t\t\t<\/div>\n\t\t\t\t<div class=\"elementor-element elementor-element-4815391 elementor-widget elementor-widget-rs-logo\" data-id=\"4815391\" data-element_type=\"widget\" data-widget_type=\"rs-logo.default\">\n\t\t\t\t<div class=\"elementor-widget-container\">\n\t\t\t\n        \n            <div class=\"rsaddon-unique-slider\">\n                <div id=\"rsaddon-slick-slider-19713\" class=\"rs-addon-slider rsl_style1\">                      \n                                                <div class=\"grid-item \">\n                                <div  class=\"rs-grid-figure\">\n                                    <div class=\"logo-img ddddd\">\n                                                                                <a href=\"#\" ><img decoding=\"async\" class=\"hovers-logos rs-grid-img \"  src=\"https:\/\/site.partnersti.com\/wp-content\/uploads\/2023\/07\/ascincar.gif\" title=\"\" alt=\"\">\n                                        <img decoding=\"async\" class=\"mains-logos rs-grid-img \"  src=\"https:\/\/site.partnersti.com\/wp-content\/uploads\/2023\/07\/ascincar.gif\" title=\"\" alt=\"\"><\/a>\n\n                                                                            <\/div>\n                                                                                                        <\/div>\n                            <\/div>           \n                                                    <div class=\"grid-item \">\n                                <div  class=\"rs-grid-figure\">\n                                    <div class=\"logo-img ddddd\">\n                                                                                <a href=\"#\" ><img decoding=\"async\" class=\"hovers-logos rs-grid-img \"  src=\"https:\/\/site.partnersti.com\/wp-content\/uploads\/2023\/07\/4652-logo-cdl.png\" title=\"\" alt=\"\">\n                                        <img decoding=\"async\" class=\"mains-logos rs-grid-img \"  src=\"https:\/\/site.partnersti.com\/wp-content\/uploads\/2023\/07\/4652-logo-cdl.png\" title=\"\" alt=\"\"><\/a>\n\n                                                                            <\/div>\n                                                                                                        <\/div>\n                            <\/div>           \n                                                    <div class=\"grid-item \">\n                                <div  class=\"rs-grid-figure\">\n                                    <div class=\"logo-img ddddd\">\n                                                                                <a href=\"#\" ><img decoding=\"async\" class=\"hovers-logos rs-grid-img \"  src=\"https:\/\/site.partnersti.com\/wp-content\/uploads\/2023\/04\/2.png\" title=\"\" alt=\"\">\n                                        <img decoding=\"async\" class=\"mains-logos rs-grid-img \"  src=\"https:\/\/site.partnersti.com\/wp-content\/uploads\/2023\/04\/2.png\" title=\"\" alt=\"\"><\/a>\n\n                                                                            <\/div>\n                                                                                                        <\/div>\n                            <\/div>           \n                                                    <div class=\"grid-item \">\n                                <div  class=\"rs-grid-figure\">\n                                    <div class=\"logo-img ddddd\">\n                                                                                <a href=\"#\" ><img decoding=\"async\" class=\"hovers-logos rs-grid-img \"  src=\"https:\/\/site.partnersti.com\/wp-content\/uploads\/2023\/07\/banner-evc_528x300-300x170-2.png\" title=\"\" alt=\"\">\n                                        <img decoding=\"async\" class=\"mains-logos rs-grid-img \"  src=\"https:\/\/site.partnersti.com\/wp-content\/uploads\/2023\/07\/banner-evc_528x300-300x170-2.png\" title=\"\" alt=\"\"><\/a>\n\n                                                                            <\/div>\n                                                                                                        <\/div>\n                            <\/div>           \n                                                    <div class=\"grid-item \">\n                                <div  class=\"rs-grid-figure\">\n                                    <div class=\"logo-img ddddd\">\n                                                                                <a href=\"#\" ><img decoding=\"async\" class=\"hovers-logos rs-grid-img \"  src=\"https:\/\/site.partnersti.com\/wp-content\/plugins\/elementor\/assets\/images\/placeholder.png\" title=\"Entre outros\" alt=\"Entre outros\">\n                                        <img decoding=\"async\" class=\"mains-logos rs-grid-img \"  src=\"https:\/\/site.partnersti.com\/wp-content\/plugins\/elementor\/assets\/images\/placeholder.png\" title=\"Entre outros\" alt=\"Entre outros\"><\/a>\n\n                                                                            <\/div>\n                                                                                                                                                                                    <\/div>\n                            <\/div>           \n                                              \n                <\/div>\n                <div class=\"rsaddon-slider-conf wpsisac-hide\" data-conf=\"{&quot;slidesToShow&quot;:&quot;5&quot;,&quot;autoplaySpeed&quot;:3000,&quot;interval&quot;:3000,&quot;slidesToScroll&quot;:&quot;2&quot;,&quot;slider_autoplay&quot;:&quot;false&quot;,&quot;pauseOnHover&quot;:&quot;false&quot;,&quot;sliderDots&quot;:&quot;false&quot;,&quot;sliderNav&quot;:&quot;false&quot;,&quot;infinite&quot;:&quot;false&quot;,&quot;centerMode&quot;:&quot;false&quot;,&quot;col_lg&quot;:&quot;5&quot;,&quot;col_md&quot;:&quot;4&quot;,&quot;col_sm&quot;:&quot;3&quot;,&quot;col_xs&quot;:&quot;2&quot;}\"><\/div>\n            <\/div>\n            <script type=\"text\/javascript\"> \n                jQuery(document).ready(function(){\n                    jQuery( '.rs-addon-slider' ).each(function( index ) {        \n                    var slider_id       = jQuery(this).attr('id'); \n                    var slider_conf     = jQuery.parseJSON( jQuery(this).closest('.rsaddon-unique-slider').find('.rsaddon-slider-conf').attr('data-conf'));\n                   \n                    if( typeof(slider_id) != 'undefined' && slider_id != '' ) {\n                    jQuery('#'+slider_id).not('.slick-initialized').slick({\n                    slidesToShow    : parseInt(slider_conf.col_lg),\n                    centerMode      : (slider_conf.centerMode)  == \"true\" ? true : false,\n                    dots            : (slider_conf.sliderDots)  == \"true\" ? true : false,\n                    arrows          : (slider_conf.sliderNav) == \"true\" ? true : false,\n                    autoplay        : (slider_conf.slider_autoplay) == \"true\" ? true : false,\n                    slidesToScroll  : parseInt(slider_conf.slidesToScroll),\n                    centerPadding   : '15px',\n                    autoplaySpeed   : parseInt(slider_conf.autoplaySpeed),\n                    pauseOnHover    : (slider_conf.pauseOnHover) == \"true\" ? true : false,\n                    loop : false,\n\n                    responsive: [{\n                        breakpoint: 1200,\n                        settings: {\n                            slidesToShow: parseInt(slider_conf.col_md),\n                        }\n                    }, \n                    {\n                        breakpoint: 992,\n                        settings: {\n                            slidesToShow: parseInt(slider_conf.col_sm),\n                        }\n                    }, \n                    {\n                        breakpoint: 768,\n                        settings: {\n                            arrows: false,\n                            slidesToShow: parseInt(slider_conf.col_xs),\n                        }\n                    }, ]\n                    });\n                }\n               \n                });\n            });\n            <\/script>\n        \t\t<\/div>\n\t\t\t\t<\/div>\n\t\t\t\t\t<\/div>\n\t\t<\/div>\n\t\t\t\t\t\t\t<\/div>\n\t\t<\/section>\n\t\t\t\t\t\t\t<\/div>\n\t\t","protected":false},"excerpt":{"rendered":"<p>Nos contate Solu\u00e7\u00f5es de TI para qualquer porte de neg\u00f3cio. Contato: Endere\u00e7o Rua Carij\u00f3s, 244, Passo Fundo Nos Ligue (51) 3500-0553 E-mail falecom@partnersti.com Confiado por<\/p>\n","protected":false},"author":1,"featured_media":0,"parent":0,"menu_order":0,"comment_status":"closed","ping_status":"closed","template":"elementor_header_footer","meta":{"footnotes":""},"class_list":["post-78441","page","type-page","status-publish","hentry"],"_links":{"self":[{"href":"https:\/\/site.partnersti.com\/index.php?rest_route=\/wp\/v2\/pages\/78441","targetHints":{"allow":["GET"]}}],"collection":[{"href":"https:\/\/site.partnersti.com\/index.php?rest_route=\/wp\/v2\/pages"}],"about":[{"href":"https:\/\/site.partnersti.com\/index.php?rest_route=\/wp\/v2\/types\/page"}],"author":[{"embeddable":true,"href":"https:\/\/site.partnersti.com\/index.php?rest_route=\/wp\/v2\/users\/1"}],"replies":[{"embeddable":true,"href":"https:\/\/site.partnersti.com\/index.php?rest_route=%2Fwp%2Fv2%2Fcomments&post=78441"}],"version-history":[{"count":20,"href":"https:\/\/site.partnersti.com\/index.php?rest_route=\/wp\/v2\/pages\/78441\/revisions"}],"predecessor-version":[{"id":92919,"href":"https:\/\/site.partnersti.com\/index.php?rest_route=\/wp\/v2\/pages\/78441\/revisions\/92919"}],"wp:attachment":[{"href":"https:\/\/site.partnersti.com\/index.php?rest_route=%2Fwp%2Fv2%2Fmedia&parent=78441"}],"curies":[{"name":"wp","href":"https:\/\/api.w.org\/{rel}","templated":true}]}}